*2 - 2*d - 11. Determine v(-6).
37
Let t(m) = -2*m - 41. What is t(-25)?
9
Let a(i) = -2*i - 7. What is a(-10)?
13
Let n(j) = -16*j**2 - j - 1. Determine n(-1).
-16
Let x(q) = q**3 - 18*q**2 + 79*q - 21. Calculate x(11).
1
Let d(o) = -o**3 + 14*o**2 - 32*o - 16. Determine d(11).
-5
Let o(l) = -42*l + 153. Give o(4).
-15
Let x(l) = 3*l + 50. Calculate x(-15).
5
Let h(o) = o**3 + o**2 - 3*o - 3. Give h(-3).
-12
Let w(i) = 2*i**3 - 5*i**2 - 6*i + 6. Determine w(3).
-3
Let v(y) = -y**2 + 7*y + 7. What is v(7)?
7
Let s(p) = -25*p + 209. Determine s(10).
-41
Let o(l) = l + 2. Calculate o(3).
5
Let a(n) = -5*n**2 - 2*n + 5. Give a(2).
-19
Let o(a) = -17*a + 33. Determine o(2).
-1
Let j(u) = -u**3 + 14*u**2 - 15*u + 27. Calculate j(13).
1
Let w(x) = 4*x - 20. Determine w(11).
24
Let v(x) = -11*x - 30. What is v(-3)?
3
Let k(b) = -3*b + 10. Give k(10).
-20
Let j(k) = k**3 - 4*k**2 - 4*k + 1. What is j(5)?
6
Let g(a) = -a - 2. Calculate g(5).
-7
Let b(q) = -q**3 - 4*q**2 + 8*q - 6. What is b(3)?
-45
Let v(m) = 2*m**2 + 29*m + 91. Determine v(-6).
-11
Let n(h) = h**3 + 15*h**2 - 17*h - 14. Give n(-16).
2
Let x(l) = 41*l - 539. Give x(13).
-6
Let v(f) = -4*f**2 - 27*f + 1. Determine v(-7).
-6
Let p(g) = g**3 + 4*g**2 - 7*g - 2. Calculate p(-5).
8
Let i(o) = 3*o**2 + 3*o. Determine i(-2).
6
Let a(r) = -2*r**2 - 121*r + 314. What is a(-63)?
-1
Let l(j) = 40*j - 315. What is l(8)?
5
Let a(x) = -5*x + 8. Give a(1).
3
Let p(y) = 8*y + 81. Calculate p(-10).
1
Let o(h) = -6*h + 16. Determine o(4).
-8
Let i(g) = -43*g + 766. Give i(18).
-8
Let g(c) = 3*c**2 - 28*c + 2. Determine g(10).
22
Let d(w) = 11*w - 14. Calculate d(-5).
-69
Let v(i) = -i**2 - 46*i + 490. Calculate v(-55).
-5
Let i(z) = -z**3 - 6*z**2 - 2*z + 7. Calculate i(-6).
19
Let d(q) = -q**2 - 10*q + 2. Determine d(-11).
-9
Let c(m) = 11*m + 127. Calculate c(-12).
-5
Let z(o) = o + 13. Give z(9).
22
Let f(p) = 3*p - 29. What is f(-12)?
-65
Let x(w) = w**2 - 9*w - 4. Calculate x(7).
-18
Let z(i) = -3*i + 5. Determine z(5).
-10
Let d(u) = -5*u**2 - 7*u - 2. Determine d(-4).
-54
Let z(f) = f**2 + 42*f - 80. Give z(-44).
8
Let i(c) = -16*c**3 + 11*c**2 - 10*c. Determine i(1).
-15
Let t(w) = -w**3 + 15*w**2 + w - 14. Calculate t(15).
1
Let z(l) = l**2 + 2*l - 43. Calculate z(13).
152
Let n(a) = 50*a**2 - 2*a + 1. Determine n(1).
49
Let o(y) = -y**3 - 5*y**2 + 13*y + 4. What is o(-7)?
11
Let m(w) = -w**2 + 22*w - 73. Give m(5).
12
Let d(t) = -3*t + 33. What is d(10)?
3
Let y(t) = -16*t**2 - 58*t + 21. Calculate y(-4).
-3
Let h(c) = 3*c**2 - 23*c - 12. Calculate h(8).
-4
Let p(k) = 8*k + 62. Determine p(-5).
22
Let b(u) = -u**2 - u + 30. What is b(-6)?
0
Let y(s) = -s**3 - 5*s**2 + 5*s - 6. What is y(-6)?
0
Let m(n) = -n**2 + 10*n + 14. Give m(12).
-10
Let f(t) = -t**2 + t + 3. What is f(-4)?
-17
Let g(r) = 10*r - 172. Determine g(15).
-22
Let w(v) = 5*v - 32. Calculate w(7).
3
Let a(d) = -5*d + 5. Determine a(4).
-15
Let j(a) = 2*a**2 - 18*a + 20. Give j(8).
4
Let w(y) = 6*y**2 - 29*y - 4. What is w(5)?
1
Let z(q) = -3*q**3 + q**2 - q - 1. What is z(1)?
-4
Let q(k) = -5*k - 22. Determine q(9).
-67
Let i(n) = -n**2 + 6*n - 9. Give i(5).
-4
Let v(t) = -t - 13. What is v(-12)?
-1
Let x(g) = g**3 + 39*g**2 + 309*g + 24. Give x(-28).
-4
Let y(m) = m**3 - 3*m**2 - 17*m + 10. What is y(4)?
-42
Let x(o) = o**3 - 2*o**2 - o + 1. Calculate x(1).
-1
Let o(x) = -3*x**2 - 18*x - 32. Give o(-2).
-8
Let v(j) = j**3 + 5*j**2 + j + 6. What is v(-6)?
-36
Let o(p) = -p**3 - 11*p**2 - 9. What is o(-11)?
-9
Let u(l) = l**3 + 2*l**2 - 6*l + 4. What is u(-4)?
-4
Let s(h) = h**2 + 2*h - 36. Give s(-7).
-1
Let i(f) = 2*f**2 + 2*f - 20. Determine i(6).
64
Let o(q) = -2*q + 57. Calculate o(28).
1
Let r(t) = -t**3 - 2*t**2 - t. What is r(0)?
0
Let s(b) = b**3 - 18*b**2 + 15*b - 2. Determine s(17).
-36
Let w(g) = 27*g**2 + 3*g + 2. What is w(0)?
2
Let z(x) = 2*x**2 - 10*x + 9. Give z(6).
21
Let k(x) = -x**2 + 10*x + 28. What is k(13)?
-11
Let q(j) = j**2 + 11*j + 12. Determine q(-13).
38
Let k(i) = 9*i - 11. Give k(2).
7
Let h(l) = -6*l**2 - 46*l - 63. Give h(-6).
-3
Let s(h) = -h**3 + 12*h**2 - 7. What is s(12)?
-7
Let a(s) = 2*s**2 - 5*s - 3. What is a(8)?
85
Let u(z) = -z**3 - 25*z**2 - 26*z - 59. What is u(-24)?
-11
Let a(j) = 2*j**3 + 66*j**2 + 124*j - 1. Give a(-31).
-1
Let b(g) = 9*g + 26. Give b(-6).
-28
Let t(y) = -91*y**3 - y**2 - y + 1. Calculate t(-1).
92
Let u(k) = -2*k**2 - 2*k + 10. Calculate u(4).
-30
Let g(l) = l**3 - 8*l**2 - 2*l + 4. Give g(8).
-12
Let l(x) = -16*x + 5. What is l(2)?
-27
Let d(h) = 9*h**2 - 1. Determine d(1).
8
Let t(a) = -2*a**3 - 32*a**2 + a + 22. Determine t(-16).
6
Let q(h) = -68*h + 878. Calculate q(13).
-6
Let m(g) = -g - 3. Calculate m(-3).
0
Let l(c) = -c**2 - 12*c + 56. Determine l(-15).
11
Let p(j) = -24*j**2 + 2*j - 3. Calculate p(1).
-25
Let h(z) = -3*z - 77. Give h(-23).
-8
Let m(o) = -o**3 + 7*o**2 + 4*o - 3. Determine m(-2).
25
Let u(d) = 2*d**3 - 5*d - 7. What is u(-2)?
-13
Let s(w) = -11*w + 4. Determine s(-4).
48
Let g(z) = -z**3 + 7*z**2 + 9*z + 6. What is g(8)?
14
Let q(t) = t**2 - 5*t - 27. Give q(14).
99
Let d(o) = o**3 + 23*o**2 - 24*o - 1. Calculate d(-24).
-1
Let w(v) = -v**2 + 9*v + 17. What is w(12)?
-19
Let j(r) = -r**3 + 21*r**2 - 43*r + 3. Give j(2).
-7
Let n(b) = 25*b**2 + 2*b + 1. Give n(-1).
24
Let r(z) = -z**2 - 4*z - 10. Determine r(-7).
-31
Let h(j) = 2*j + 7. Give h(6).
19
Let f(l) = -l**3 - 3*l**2 + 5*l + 6. What is f(-4)?
2
Let l(i) = -4*i**3 + i**2 - 1. Give l(-1).
4
Let w(s) = 15*s + 23. What is w(-1)?
8
Let a(z) = -z**2 + 3*z + 10. Give a(6).
-8
Let d(c) = c**2 - 3*c - 25. Calculate d(7).
3
Let k(o) = -o**2 - 2*o + 10. Determine k(6).
-38
Let m(w) = 8*w - 8. What is m(4)?
24
Let i(o) = 10*o - 9. Determine i(4).
31
Let r(m) = 3*m**3 + 2*m + 2. Give r(-2).
-26
Let m(d) = d**2 + 11*d + 6. Give m(-10).
-4
Let u(f) = f**3 + 11*f**2 - 15*f + 7. What is u(-12)?
43
Let r(u) = -u**3 + 16*u**2 + 35*u + 15. Calculate r(18).
-3
Let x(g) = -g**3 + 22*g**2 + g + 7. Give x(22).
29
Let k(l) = -l**2 + 2*l + 2. Determine k(5).
-13
Let l(x) = x**2 + 14. Give l(0).
14
Let n(m) = -m**3 + 5*m**2 - 3*m - 6. Give n(6).
-60
Let p(d) = -d**3 + 15*d**2 - 15*d - 34. Give p(14).
-48
Let s(g) = 2*g**3 + 4*g**2 + 5*g + 4. What is s(-3)?
-29
Let d(t) = t**2 + 11*t + 25. Give d(-5).
-5
Let u(c) = -c**3 + 36*c**2 - 100*c + 20. Calculate u(33).
-13
Let h(g) = g**2 - 12*g - 4. What is h(13)?
9
Let z(w) = 3*w + 2. Determine z(-4).
-10
Let v(h) = 2*h**2 - 8*h - 2. Determine v(4).
-2
Let j(t) = -7*t - 236. What is j(-35)?
9
Let l(t) = 2*t - 56. Give l(24).
-8
Let l(z) = -z - 20. What is l(-22)?
2
Let y(k) = 4*k**3 - k**2 + 8*k + 15. Give y(-2).
-37
Let n(g) = 47*g - 336. What is n(7)?
-7
Let i(n) = 2*n**2 + 3*n. Determine i(-2).
2
Let k(w) = -2*w**2 + 12*w - 19. Give k(2).
-3
Let b(s) = s**3 - 52*s**2 - 50*s - 149. What is b(53)?
10
Let u(h) = -16*h - 118. What is u(-8)?
10
Let g(d) = -d**3 + 9*d**2 - 16*d + 15. Determine g(7).
1
Let p(a) = -a**3 - 25*a**2 - 23*a + 20. Determine p(-24).
-4
Let f(z) = -2*z**2 - 7*z - 1. What is f(-5)?
-16
Let f(n) = n + 18. What is f(-11)?
7
Let v(r) = -r + 6. Calculate v(0).
6
Let y(z) = -z**3 - 13*z**2 + 2*z + 2. What is y(-13)?
-24
Let p(f) = -f**2 + 4*f + 8. What is p(6)?
-4
Let l(p) = 138*p - 4. Determine l(1).
134
Let u(b) = -11*b - 83. Determine u(-6).
-17
Let m(l) = -l**3 + 9*l**2 + 3*l - 21. What is m(9)?
6
Let b(v) = -7*v**2 - 77*v - 11. What is b(-11)?
-11
Let r(f) = -f**3 - 8*f**2 - 15*f + 10. Give r(-7).
66
Let i(t) = -9*t + 196. Calculate i(27).
-47
Let y(z) = -2*z + 62. Give y(23).
16
Let n(b) = b**3 - 4*b**2 - 7*b - 1. Determine n(-2).
-11
Let a(z) = 5*z - 121. What is a(27)?
14
Let v(g) = g**2 + 20*g + 87. Determine v(-15).
12
Let k(z) = -z**3 + 11*z**2 - 6. Determine k(11).
-6
Let q(x) = -x**2 + 6*x - 1. Determine q(10).
-41
Let v(b) = 2*b - 12. What is v(8)?
4
Let j(r) = r**3 + 9*r**2 + 22*r + 7. Give j(-5).
-3
Let p(g) = 2*g**3 + g + 1. Give p(-2).
-17
Let d(i) = -i**3 - 3*i**2 + 6*i - 3. What is d(3)?
-39
Let d(i) = -i**2 - 18*i - 13. What is d(-8)?
67
Let t(q) = 2*q + 4. Give t(-2).
0
Let y(n) = -181*n + 723. Calculate y(4).
-1
Let c(g) = g**3 - 11*g**2 + 13*g - 24. Determine c(10).
6
Let z(h) = h**3 + 5*h**2 + 5*h + 5. Calculate z(-5).
